/6 + 12*s**2. Determine l(-1).
11
Let s(p) = -p**2 - 5*p - 3. Let t be 24/(-15) - (-2)/(-5). What is s(t)?
3
Let a(k) = 1. Let s(q) = q**2 - 2*q + 5. Let v(f) = -2*f**2 + 5*f - 9. Let l(p) = 7*s(p) + 4*v(p). Let w(x) = 6*a(x) - l(x). Calculate w(5).
2
Let w(v) = -2*v - 2*v + 2*v - v**3 + 3*v. Let a be 3 - 1*(2 + 0). Give w(a).
0
Let r be 0 - (-4 - (-4 + 0)). Let t(k) = -k**3 - k**2 + k + 3. Determine t(r).
3
Suppose 0 = 4*o - 8*o. Let p(d) be the first derivative of -d**3/3 - d**2/2 - 2*d - 3. Give p(o).
-2
Let r(g) be the first derivative of g**4/4 + 8*g + 5. Give r(0).
8
Let u(n) be the third derivative of -n**4/24 + n**3/6 - 7*n**2. Suppose 4*q + 4 = a, -4*a + 6 = -5*q + 1. What is u(a)?
1
Let d(r) = r**2 - 7*r + 5. Suppose -2*p - 5*m = 20, 0*p = -3*p - 2*m - 19. Let u = 4 - 2. Let l be (4 - u)*p/(-2). Give d(l).
-5
Let n(h) be the third derivative of 0*h + 1/120*h**6 - 7*h**2 + 4/3*h**3 + 0 - 1/3*h**4 - 1/10*h**5. What is n(7)?
1
Let g(k) = -k**2 - 4*k + 6. Let h(t) = -t**3 - 5*t**2 - 2*t + 6. Let r be h(-3). Give g(r).
-6
Suppose -3*d - 2*t + 10 = 0, -3*t + 1 = 13. Let r(p) = -2*p + 6. Calculate r(d).
-6
Let s(q) = -2*q**2 - 8*q - 13. Let l(y) = y**2 + 4*y + 7. Let o(d) = 5*l(d) + 3*s(d). Calculate o(-5).
-9
Suppose -i + 19 = 10. Let s(d) = -d**3 + 8*d**2 + 9*d - 5. Calculate s(i).
-5
Let o(j) = -3*j + 4. Let y = 1 + 2. Determine o(y).
-5
Let s be 3*1/2*2. Let i(f) = -f**2 + f + 3. Let t(v) = -v - 1. Let w(l) = s*t(l) + i(l). Suppose 4*g - g = -12. Determine w(g).
-8
Let r(g) = -3*g**2 + 4*g**3 + g**3 - g**3 - 2 + 3*g - g**3 - 5*g**3. Suppose -3*c + 4 = -6*c + y, 0 = 4*y + 20. What is r(c)?
16
Let m be 64/10 - 2/5. Suppose 0 = -n - n + m. Let r(z) = 3*z**3 + z**2 - 2*z**3 - 4 - 4*z**2. Give r(n).
-4
Let o(t) be the third derivative of -7*t**6/120 + t**4/24 + t**3/6 + 3*t**2. Give o(-1).
7
Suppose -4*t + 1 = -3*v, 5*t + 2*v + 17 = 1. Let d(a) be the first derivative of -1/4*a**4 + 1 + 3*a + 0*a**3 + a**2. Determine d(t).
7
Let z(l) be the first derivative of l**4/4 - 8*l**3/3 + 4*l**2 - l - 63. Give z(7).
6
Let q(o) = -2*o - 1. Let x be q(2). Let y(s) = 3*s. What is y(x)?
-15
Suppose -4*g = -63 + 19. Suppose -4 = f - g. Let r(n) = -n**2 + 7*n. Determine r(f).
0
Let j(y) = y**2 + 3*y - 8. Suppose 0 = -p + 21 - 27. Calculate j(p).
10
Let n(m) = -m**3 + 4*m**2 + 4*m + 5. Suppose 10 = -147*t + 149*t. Give n(t).
0
Let z(r) = r + 1. Let y be z(0). Let m(k) be the first derivative of 5*k**4/4 - 2*k**3/3 + k - 4. What is m(y)?
4
Let t(w) = -w**2 - 1. Let i = 56 - 57. What is t(i)?
-2
Suppose 5*y + 35 = 5. Let z(v) = -3*v - 4. Give z(y).
14
Let s(x) = -6*x**2 - x. Let n be s(-1). Let g(h) be the first derivative of 2 - 1/2*h**2 + 2*h. Determine g(n).
7
Let a(r) = -r + 1. Let z(n) = -n**3 + 6*n**2 - 5*n + 6. Let y(i) = 4*a(i) - z(i). Calculate y(6).
4
Suppose 5*b = 4 + 6. Let v(x) = -4*x**2 + 3*x**b + 1 + 2 - 2*x. Let o(j) = -j + 3. Let h be o(6). Determine v(h).
0
Suppose 3*p = 5*p - 18. Suppose -p + 3 = -2*x. Let q(c) = -c**2 + 3*c + 4. Calculate q(x).
4
Let t(o) = -4*o + 6. Let g(l) = -l + 1. Let x(r) = 5*g(r) - t(r). Give x(-5).
4
Let o be (2/(-2))/(3/(-9)). Let t(l) = -o - l + 1 - l - l**2 - 2*l. Give t(-2).
2
Let j(r) = -4*r**3 + 9*r**2 + 15*r - 10. Let v(h) = 11*h**3 - 27*h**2 - 44*h + 31. Let g(k) = -8*j(k) - 3*v(k). Determine g(10).
7
Let q(i) be the third derivative of -i**5/120 + 5*i**4/24 + 2*i**3/3 - 2*i**2. Let l(n) be the first derivative of q(n). Give l(4).
1
Let a(r) = 108 - 36 - r - 36 - 32. Give a(-3).
7
Suppose 2 = z - 0*z. Suppose -z*t + t = 5. Let c(a) = 5*a - 25. Let h(p) = p - 6. Let g(k) = -2*c(k) + 9*h(k). Calculate g(t).
1
Let o(p) = -1 + 1 + p - 3. Let v = 0 - -3. Suppose -v*j = 15, 3*l - 3*j = -0*l + 30. Calculate o(l).
2
Let r = -13417/2760 - -112/23. Let k(j) be the third derivative of 0*j + 0 + 1/12*j**4 + 1/60*j**5 + 1/3*j**3 - r*j**6 - 2*j**2. Determine k(-2).
10
Let s(o) = -o**2 + 4*o + 4. Suppose 5*b + 3*g - 20 = 0, -b + 5*g + 8 = 4. Calculate s(b).
4
Let q = -2 - -2. Let c(g) = -5*g + 1. Let d(v) = 6*v. Let f(j) = -5*c(j) - 4*d(j). Calculate f(q).
-5
Suppose -4*a = 4*d + 8, -2*a + 0*a = 5*d + 13. Let j(h) = -9 + 3 - 4*h + 3*h. Calculate j(d).
-3
Let v(c) be the second derivative of -9*c**5/20 + c**3/6 + c**2/2 + 5*c. What is v(-1)?
9
Let u(j) = 6*j**3 + 0*j**3 + 0*j**3 - 5*j**3 + 7*j**2 + 5. Give u(-7).
5
Let b = 2 + 0. Let x(f) = 0*f - 3*f**2 + f + 5*f**2 - f**b + 7. What is x(0)?
7
Let u(t) = t - 9. Suppose -2*g + 3*z = z - 18, -2*z + 45 = 5*g. Suppose 0 = g*k - 4*k - 20. Determine u(k).
-5
Suppose -3*l - 2*h + 16 = 2*h, -4*h + 16 = -3*l. Let u(q) = 4*q**2 + 5. Let s(i) = 5*i**2 + 4. Let z(t) = 3*s(t) - 4*u(t). What is z(l)?
-8
Let s(h) = 3 - 7 - 6*h - 4*h**2 + h**3 + 2. What is s(5)?
-7
Suppose 2*r - 4*q = 3*r + 9, 0 = -q - 3. Let j(i) = -3*i**2 + 5*i - 3. Give j(r).
-15
Let z(o) be the second derivative of o**3/2 - o**2/2 + 3*o. Calculate z(2).
5
Let a(z) = -4*z + 1. Suppose 5 = -4*n - 3*b - 0, -14 = -5*n + 3*b. What is a(n)?
-3
Suppose 0 = 4*j + 5*j - 72. Let h(b) = -b**2 + 6*b + 11. Determine h(j).
-5
Let k(f) = -f**2 - 8*f - 5. Let g be 0 + -4 - (0 - -4). Determine k(g).
-5
Let l(z) = 10*z**2 - 25*z + 12. Let a(o) = -3*o**2 + 8*o - 4. Let d(u) = 7*a(u) + 2*l(u). What is d(7)?
-11
Let n be 12/72 + (-2)/(-4). Let k(m) be the third derivative of 0 - 5/24*m**4 + 0*m - 1/60*m**5 + 3*m**2 + n*m**3. Calculate k(-6).
-2
Let i(r) = r**3 - r**2 - r + 2. Let k(j) be the second derivative of -j**5/10 - j**3/6 - j**2/2 - 2*j. Let y be k(-1). What is i(y)?
4
Let o be 0 + (4 - (-1 - 0)). Let w(m) be the first derivative of 7*m - 1/2*m**2 + 2. What is w(o)?
2
Let y(w) = 137*w - 71*w - 67*w + 6. Calculate y(10).
-4
Let g(b) = b**2 - b. Let c(u) = -3*u**3 - u**2 + u + 1. Let r be c(-1). Let q be 3 - (6/r - -2). Determine g(q).
6
Let y(w) = 2*w + w**3 + 9 - 5*w + 5*w - 3*w. Give y(0).
9
Let q(w) = -8*w - 4*w**3 + 5*w**2 + 5*w**3 + 0*w**2 - 4. Determine q(-6).
8
Let x(o) = 2*o + 9. Let z be x(-6). Let g(j) = 0*j + j - 1 - 3*j. Determine g(z).
5
Let x(z) be the first derivative of -4*z**3/3 + z**2/2 + z - 7. What is x(-1)?
-4
Suppose 5*r = 12 - 2. Suppose 3*q = n - 14 + r, -4*n = q - 22. Let g(z) = -z**2 + 5*z - 7. Calculate g(n).
-13
Suppose -2*p + 8 = -m, 3 - 20 = -5*p + m. Let r(l) = l**3 - 2*l**2 - 3*l + 2. Calculate r(p).
2
Let q be (-16)/4 + -1 + 0. Let h(f) = -f - 5. What is h(q)?
0
Suppose 0 = -2*l + 6, -5*l + 3*l = 2*k - 8. Let b(r) = 3 - 5*r**2 - 4*r + k + 6*r**2. Give b(3).
1
Let u(r) be the third derivative of -r**6/120 - r**5/10 - 7*r**4/24 + r**3/6 - 17*r**2. What is u(-5)?
11
Let x(m) = m - 12. Let g = -11 + 11. Calculate x(g).
-12
Let q(d) be the third derivative of -d**4/12 + d**3/6 - 11*d**2. Determine q(1).
-1
Suppose 14 + 6 = 5*u. Let s(c) = c**3 - 9*c**2 - c. Let f(k) = k**3 - 8*k**2 - 2*k. Let o(b) = u*s(b) - 5*f(b). Let w be (-18)/(-4) + 1/2. Give o(w).
5
Let b(a) = -a**3 + 5*a**2 - 5*a + 1. Let o be b(4). Let t = -1 - o. Let z(c) = -4*c + 3. Determine z(t).
-5
Let w(c) = 6 - 8*c - 4*c**2 - c**3 + 9*c - c**2 + 5*c. Let m be 2/5 + (-32)/5. Calculate w(m).
6
Suppose -5*a + 10 = -10. Let n(f) be the third derivative of -1/6*f**3 + 0*f + 2*f**2 + 0 + 1/12*f**4 - 1/15*f**5 + 1/120*f**6. Determine n(a).
7
Let i(j) = -j**3 - 7*j**2 - 5*j - 3. Let o(g) = -g**3 - 14*g**2 + 3. Let a be o(-14). Suppose -2*t + 6 = -a*t. Determine i(t).
-9
Let u = -2 - 0. Let c(m) = m**2 - 5*m + 4. Let b be c(4). Let k(q) = 3 + b*q - 3 + 1 - 5*q. Calculate k(u).
11
Let c(s) = s - 8*s + 5 + 3*s - 3. Give c(6).
-22
Suppose 5*z + 5*s - 16 - 19 = 0, 0 = -5*z - 3*s + 31. Let l(t) = -t**3 + 4*t**2 + 7*t - 4. What is l(z)?
6
Let m(r) = r**2 + 9*r + 7. Let n be (-7)/(3*(-4)/(-12)). Calculate m(n).
-7
Let b(l) = -l**3 + 8*l**2 - 8*l + 10. Let n be b(7). Suppose 0 = -5*y + 10, 0*v + 3*v - 14 = -y. Let h(x) = v + 2*x - 3*x + x - x. Give h(n).
1
Suppose 6*o + 10 = o + 4*k, 3*o + k = 11. Let v = o - 2. Suppose v = -s + 5*i + 7, -2*s - 3*i - 21 = 3*s. Let r(z) = z**3 + z**2 - 2*z + 3. Give r(s).
-9
Suppose f = 2*f + 5*c + 28, 20 = -4*c. Let l(d) be the first derivative of -d**3/3 - 2*d**2 - d + 8. Calculate l(f).
2
Let z(h) be the third derivative of -h**4/24 - 7*h**3/3 + 11*h**2. Give z(-9).
-5
Suppose 0*l - 5*m + 2 = -2*l, 0 = 5*l - 3*m + 5